{"id":25,"date":"2023-07-21T12:46:39","date_gmt":"2023-07-21T11:46:39","guid":{"rendered":"https:\/\/bio3d.pro\/?page_id=25"},"modified":"2023-12-20T21:48:06","modified_gmt":"2023-12-21T03:48:06","slug":"quienes-somos","status":"publish","type":"page","link":"https:\/\/bio3d.pro\/index.php\/quienes-somos\/","title":{"rendered":"Quienes somos"},"content":{"rendered":"\n<div class=\"section-wrapper\" data-id=\"9rsSZi\"><section class=\"wp-block-gutenverse-section guten-element guten-section guten-9rsSZi layout-boxed align-stretch\"><div class=\"guten-background-overlay\"><\/div><div class=\"guten-shape-divider guten-shape-divider-top\"><\/div><div class=\"guten-shape-divider guten-shape-divider-bottom\"><\/div><div class=\"guten-container guten-column-gap-default\">\n<div class=\"wp-block-gutenverse-column guten-element guten-column guten-hPOdgn\"><div class=\"guten-background-overlay\"><\/div><div class=\"sticky-wrapper\" data-id=\"hPOdgn\"><div class=\"guten-column-wrapper\">\n<h2 class=\"wp-block-gutenverse-heading guten-element guten-a33bDf\">Quienes somos<\/h2>\n\n\n\n<div class=\"guten-element guten-icon-list guten-mFlpRI hide-tablet inline-icon-list\">\n<div class=\"guten-element guten-icon-list-item guten-y74CaK\"><a id=\"guten-y74CaK\" href=\"https:\/\/bio3d.pro\"><span class=\"list-text no-icon\">Inicio <\/span><\/a><\/div>\n\n\n\n<div class=\"guten-element guten-icon-list-item guten-xwPZEx\"><a id=\"guten-xwPZEx\"><i class=\"fas fa-chevron-right\"><\/i><span class=\"list-text \">Quienes somos<\/span><\/a><\/div>\n<\/div>\n<\/div><\/div><\/div>\n<\/div><\/section><\/div>\n\n\n\n<p class=\" eplus-wrapper\"><\/p>\n\n\n\n<div class=\"section-wrapper\" data-id=\"9kOsno\"><section class=\"wp-block-gutenverse-section guten-element guten-section guten-9kOsno layout-boxed align-stretch\"><div class=\"guten-background-overlay\"><\/div><div class=\"guten-shape-divider guten-shape-divider-top\"><\/div><div class=\"guten-shape-divider guten-shape-divider-bottom\"><\/div><div class=\"guten-container guten-column-gap-default\">\n<div class=\"wp-block-gutenverse-column guten-element guten-column guten-GAYB7r\"><div class=\"guten-background-overlay\"><\/div><div class=\"sticky-wrapper\" data-id=\"GAYB7r\"><div class=\"guten-column-wrapper\"><nav class=\"has-text-color has-eleventh-color is-responsive wp-block-navigation is-layout-flex wp-container-core-navigation-is-layout-1 wp-block-navigation-is-layout-flex\" aria-label=\"Principal\" \n\t\t data-wp-interactive=\"core\/navigation\" data-wp-context='{\"overlayOpenedBy\":{\"click\":false,\"hover\":false,\"focus\":false},\"type\":\"overlay\",\"roleAttribute\":\"\",\"ariaLabel\":\"Men\\u00fa\"}'><button aria-haspopup=\"dialog\" aria-label=\"Abrir el men\u00fa\" class=\"wp-block-navigation__responsive-container-open \" \n\t\t\t\tdata-wp-on--click=\"actions.openMenuOnClick\"\n\t\t\t\tdata-wp-on--keydown=\"actions.handleMenuKeydown\"\n\t\t\t><svg width=\"24\" height=\"24\" xmlns=\"http:\/\/www.w3.org\/2000\/svg\" viewBox=\"0 0 24 24\" aria-hidden=\"true\" focusable=\"false\"><rect x=\"4\" y=\"7.5\" width=\"16\" height=\"1.5\" \/><rect x=\"4\" y=\"15\" width=\"16\" height=\"1.5\" \/><\/svg><\/button>\n\t\t\t\t<div class=\"wp-block-navigation__responsive-container  \" style=\"\" id=\"modal-1\" \n\t\t\t\tdata-wp-class--has-modal-open=\"state.isMenuOpen\"\n\t\t\t\tdata-wp-class--is-menu-open=\"state.isMenuOpen\"\n\t\t\t\tdata-wp-watch=\"callbacks.initMenu\"\n\t\t\t\tdata-wp-on--keydown=\"actions.handleMenuKeydown\"\n\t\t\t\tdata-wp-on--focusout=\"actions.handleMenuFocusout\"\n\t\t\t\ttabindex=\"-1\"\n\t\t\t>\n\t\t\t\t\t<div class=\"wp-block-navigation__responsive-close\" tabindex=\"-1\">\n\t\t\t\t\t\t<div class=\"wp-block-navigation__responsive-dialog\" \n\t\t\t\tdata-wp-bind--aria-modal=\"state.ariaModal\"\n\t\t\t\tdata-wp-bind--aria-label=\"state.ariaLabel\"\n\t\t\t\tdata-wp-bind--role=\"state.roleAttribute\"\n\t\t\t>\n\t\t\t\t\t\t\t<button aria-label=\"Cerrar el men\u00fa\" class=\"wp-block-navigation__responsive-container-close\" \n\t\t\t\tdata-wp-on--click=\"actions.closeMenuOnClick\"\n\t\t\t><svg xmlns=\"http:\/\/www.w3.org\/2000\/svg\" viewBox=\"0 0 24 24\" width=\"24\" height=\"24\" aria-hidden=\"true\" focusable=\"false\"><path d=\"M13 11.8l6.1-6.3-1-1-6.1 6.2-6.1-6.2-1 1 6.1 6.3-6.5 6.7 1 1 6.5-6.6 6.5 6.6 1-1z\"><\/path><\/svg><\/button>\n\t\t\t\t\t\t\t<div class=\"wp-block-navigation__responsive-container-content\" \n\t\t\t\tdata-wp-watch=\"callbacks.focusFirstElement\"\n\t\t\t id=\"modal-1-content\">\n\t\t\t\t\t\t\t\t<ul class=\"wp-block-navigation__container has-text-color has-eleventh-color is-responsive wp-block-navigation\"><li class=\"has-text-color has-eleventh-color wp-block-navigation-item wp-block-home-link\"><a class=\"wp-block-home-link__content wp-block-navigation-item__content\" href=\"https:\/\/bio3d.pro\" rel=\"home\">Inicio<\/a><\/li><li class=\" wp-block-navigation-item wp-block-navigation-link\"><a class=\"wp-block-navigation-item__content\"  href=\"https:\/\/bio3d.pro\/index.php\/plantillas-ortopedicas-personalizadas\/\"><span class=\"wp-block-navigation-item__label\">Plantillas ortop\u00e9dicas personalizadas<\/span><\/a><\/li><li class=\" wp-block-navigation-item wp-block-navigation-link\"><a class=\"wp-block-navigation-item__content\"  href=\"https:\/\/bio3d.pro\/index.php\/preguntas-frecuentes\/\"><span class=\"wp-block-navigation-item__label\">Preguntas frecuentes<\/span><\/a><\/li><li class=\" wp-block-navigation-item wp-block-navigation-link\"><a class=\"wp-block-navigation-item__content\"  href=\"https:\/\/bio3d.pro\/index.php\/quienes-somos\/\"><span class=\"wp-block-navigation-item__label\">Quienes somos<\/span><\/a><\/li><li class=\" wp-block-navigation-item wp-block-navigation-link\"><a class=\"wp-block-navigation-item__content\"  href=\"https:\/\/bio3d.pro\/index.php\/lecturas-de-interes\/\"><span class=\"wp-block-navigation-item__label\">Blog Salud y ortopedia<\/span><\/a><\/li><li class=\" wp-block-navigation-item wp-block-navigation-link\"><a class=\"wp-block-navigation-item__content\"  href=\"https:\/\/bio3d.pro\/index.php\/contacto-2\/\"><span class=\"wp-block-navigation-item__label\">Contacto<\/span><\/a><\/li><\/ul>\n\t\t\t\t\t\t\t<\/div>\n\t\t\t\t\t\t<\/div>\n\t\t\t\t\t<\/div>\n\t\t\t\t<\/div><\/nav><\/div><\/div><\/div>\n<\/div><\/section><\/div>\n\n\n\n<div class=\"section-wrapper\" data-id=\"BfP74D\"><section class=\"wp-block-gutenverse-section guten-element guten-section guten-BfP74D layout-boxed align-stretch\"><div class=\"guten-background-overlay\"><\/div><div class=\"guten-shape-divider guten-shape-divider-top\"><\/div><div class=\"guten-shape-divider guten-shape-divider-bottom\"><\/div><div class=\"guten-container guten-column-gap-default\">\n<div class=\"wp-block-gutenverse-column guten-element guten-column guten-kpQTFq\"><div class=\"guten-background-overlay\"><\/div><div class=\"sticky-wrapper\" data-id=\"kpQTFq\"><div class=\"guten-column-wrapper\"><div class=\"wp-block-site-logo eplus-styles-uid-264d79\"><img loading=\"lazy\" decoding=\"async\" width=\"292\" height=\"88\" src=\"https:\/\/bio3d.pro\/wp-content\/uploads\/2023\/11\/Plantillas-ortopedicas-personalizadas.png\" class=\"custom-logo\" alt=\"Plantillas ortop\u00e9dicas personalizadas\" srcset=\"https:\/\/bio3d.pro\/wp-content\/uploads\/2023\/11\/Plantillas-ortopedicas-personalizadas.png 972w, https:\/\/bio3d.pro\/wp-content\/uploads\/2023\/11\/Plantillas-ortopedicas-personalizadas-300x91.png 300w, https:\/\/bio3d.pro\/wp-content\/uploads\/2023\/11\/Plantillas-ortopedicas-personalizadas-768x232.png 768w\" sizes=\"(max-width: 292px) 100vw, 292px\"><\/div><\/div><\/div><\/div>\n<\/div><\/section><\/div>\n\n\n\n<div class=\" wp-block-group eplus-wrapper is-layout-constrained wp-block-group-is-layout-constrained\">\n<div class=\"section-wrapper\" data-id=\"5e9nnt\"><section class=\"wp-block-gutenverse-section guten-element guten-section guten-5e9nnt layout-boxed align-stretch\"><div class=\"guten-background-overlay\"><\/div><div class=\"guten-shape-divider guten-shape-divider-top\"><\/div><div class=\"guten-shape-divider guten-shape-divider-bottom\"><\/div><div class=\"guten-container guten-column-gap-no\">\n<div class=\"wp-block-gutenverse-column guten-element guten-column guten-hm22ZI\"><div class=\"guten-background-overlay\"><\/div><div class=\"sticky-wrapper\" data-id=\"hm22ZI\"><div class=\"guten-column-wrapper\">\n<h5 class=\"wp-block-gutenverse-heading guten-element guten-7otlnJ\">Acerca de nosotros<\/h5>\n\n\n\n<h2 class=\"wp-block-gutenverse-heading guten-element guten-2W1hqH\">Nos presentamos:<\/h2>\n\n\n\n<div class=\"guten-element gutenverse-text-editor guten-wb6sWe\"><div class=\"text-content-inner\">\n<p class=\" eplus-wrapper\"><\/p>\n\n\n\n<p class=\" eplus-wrapper\">Somos una empresa en el campo de la fabricaci\u00f3n de aparatos ortop\u00e9dicos, comprometida con la innovaci\u00f3n y la excelencia en el servicio. Fundada en la ciudad de Portoviejo-Ecuador, nuestra empresa se ha destacado por estar a la vanguardia de la tecnolog\u00eda, empleando la impresi\u00f3n 3D para producir aparatos ortop\u00e9dicos personalizados y de alta calidad. Nuestra experiencia y dedicaci\u00f3n a la mejora continua nos han permitido satisfacer las necesidades \u00fanicas de nuestros clientes y mejorar significativamente su calidad de vida.<\/p>\n\n\n\n<p class=\" eplus-wrapper\">Estamos enfocados en:<\/p>\n\n\n<ol class=\" eplus-wrapper eplus-styles-uid-6af0b7\">\n<li class=\" eplus-wrapper\"><strong>Innovaci\u00f3n:<\/strong> Buscamos constantemente nuevas formas de mejorar y perfeccionar nuestros productos y procesos, aprovechando la tecnolog\u00eda de impresi\u00f3n 3D y manteni\u00e9ndonos a la vanguardia de la industria.<\/li>\n\n\n\n<li class=\" eplus-wrapper\"><strong>Compromiso con el Cliente:<\/strong> La satisfacci\u00f3n de nuestros clientes es nuestra prioridad, por lo que nos esforzamos en entender sus necesidades y proporcionarles soluciones personalizadas y de alta calidad.<\/li>\n\n\n\n<li class=\" eplus-wrapper\"><strong>Calidad:<\/strong> Nos comprometemos a entregar productos que cumplan con los m\u00e1s altos est\u00e1ndares de calidad, asegurando la durabilidad, precisi\u00f3n y eficacia de cada aparato ortop\u00e9dico que fabricamos.<\/li>\n\n\n\n<li class=\" eplus-wrapper\"><strong>\u00c9tica y Responsabilidad:<\/strong> Nuestra empresa se rige por principios \u00e9ticos s\u00f3lidos, manteniendo la transparencia en todas nuestras operaciones y asumiendo la responsabilidad social en cada paso que damos.<\/li>\n<\/ol>\n\n\n<p class=\" eplus-wrapper\">En <strong>Bio3D<\/strong>, estamos comprometidos con la mejora continua y el desarrollo de tecnolog\u00edas avanzadas que permitan cambiar positivamente la vida de las personas que conf\u00edan en nosotros. Nuestra pasi\u00f3n por la innovaci\u00f3n y la excelencia en el servicio nos impulsa a seguir siendo l\u00edderes en el campo ortop\u00e9dico, marcando una diferencia significativa en la vida de nuestros clientes y contribuyendo a una sociedad m\u00e1s inclusiva y accesible para todos.<\/p>\n<\/div><\/div>\n<\/div><\/div><\/div>\n<\/div><\/section><\/div>\n<\/div>\n\n\n\n<div class=\"section-wrapper\" data-id=\"vwmMss\"><section class=\"wp-block-gutenverse-section guten-element guten-section guten-vwmMss layout-boxed align-stretch\"><div class=\"guten-background-overlay\"><\/div><div class=\"guten-shape-divider guten-shape-divider-top\"><\/div><div class=\"guten-shape-divider guten-shape-divider-bottom\"><\/div><div class=\"guten-container guten-column-gap-no\">\n<div class=\"wp-block-gutenverse-column guten-element guten-column guten-Q41lEe\"><div class=\"guten-background-overlay\"><\/div><div class=\"sticky-wrapper\" data-id=\"Q41lEe\"><div class=\"guten-column-wrapper\">\n<h2 class=\"wp-block-gutenverse-heading guten-element guten-12eLGO animated guten-element-hide slow desktop-fadeInRight\"><\/h2>\n\n\n\n<h2 class=\"wp-block-gutenverse-heading guten-element guten-RYwWmG\"><\/h2>\n\n\n\n<div class=\"guten-element gutenverse-text-editor guten-oE7SJt\"><div class=\"text-content-inner\">\n<p class=\" eplus-wrapper\"><\/p>\n<\/div><\/div>\n\n\n\n<div class=\"section-wrapper\" data-id=\"izGD1I\"><section class=\"wp-block-gutenverse-section guten-element guten-section guten-izGD1I layout-boxed align-stretch\"><div class=\"guten-background-overlay\"><\/div><div class=\"guten-shape-divider guten-shape-divider-top\"><\/div><div class=\"guten-shape-divider guten-shape-divider-bottom\"><\/div><div class=\"guten-container guten-column-gap-no\">\n<div class=\"wp-block-gutenverse-column guten-element guten-column guten-cae7WS\"><div class=\"guten-background-overlay\"><\/div><div class=\"sticky-wrapper\" data-id=\"cae7WS\"><div class=\"guten-column-wrapper\">\n<div class=\"guten-element guten-Yozt5j guten-icon-box icon-position-top\"><div class=\"guten-icon-box-wrapper hover-from-left\"><div class=\"icon-box icon-box-header\"><div class=\"icon style-color\"><i class=\"gtn gtn-eye2-light\"><\/i><\/div><\/div><div class=\"icon-box icon-box-body\"><h3 class=\"title\">Nuestra Visi\u00f3n<\/h3><p class=\"icon-box-description\">Nuestra visi\u00f3n es convertirnos en l\u00edderes indiscutibles en la industria ortop\u00e9dica, utilizando la impresi\u00f3n 3D como la herramienta principal para la fabricaci\u00f3n de aparatos innovadores y altamente eficientes. Buscamos seguir siendo pioneros en el desarrollo de soluciones personalizadas que superen las expectativas de nuestros clientes y se adapten a los cambios tecnol\u00f3gicos y las necesidades del mercado. Aspiramos a mejorar la calidad de vida de las personas con discapacidades o lesiones, contribuyendo a una sociedad m\u00e1s inclusiva y brindando soluciones ortop\u00e9dicas de primer nivel en todo momento.<\/p><\/div><\/div><\/div>\n<\/div><\/div><\/div>\n\n\n\n<div class=\"wp-block-gutenverse-column guten-element guten-column guten-vxeXGf\"><div class=\"guten-background-overlay\"><\/div><div class=\"sticky-wrapper\" data-id=\"vxeXGf\"><div class=\"guten-column-wrapper\">\n<div class=\"guten-element guten-oP42hc guten-icon-box icon-position-top\"><div class=\"guten-icon-box-wrapper hover-from-left\"><div class=\"icon-box icon-box-header\"><div class=\"icon style-color\"><i class=\"gtn gtn-target-light\"><\/i><\/div><\/div><div class=\"icon-box icon-box-body\"><h3 class=\"title\">Nuestra Misi\u00f3n<\/h3><p class=\"icon-box-description\">En Bio3D, nuestra misi\u00f3n es proporcionar soluciones ortop\u00e9dicas personalizadas y de vanguardia, utilizando la tecnolog\u00eda de impresi\u00f3n 3D para crear dispositivos que se ajusten perfectamente a las necesidades y anatom\u00eda de cada paciente. Nos esforzamos por marcar la diferencia en la vida de las personas, brindando productos que les permitan recuperar su movilidad, comodidad y autonom\u00eda. Nuestro enfoque se basa en la atenci\u00f3n al cliente, la innovaci\u00f3n constante y la calidad incomparable en cada uno de nuestros productos.<br><\/p><\/div><\/div><\/div>\n<\/div><\/div><\/div>\n<\/div><\/section><\/div>\n<\/div><\/div><\/div>\n<\/div><\/section><\/div>\n\n\n\n<div class=\"section-wrapper\" data-id=\"OqBJa3\"><section class=\"wp-block-gutenverse-section guten-element guten-section guten-OqBJa3 layout-boxed align-stretch\"><div class=\"guten-background-overlay\"><\/div><div class=\"guten-shape-divider guten-shape-divider-top\"><\/div><div class=\"guten-shape-divider guten-shape-divider-bottom\"><\/div><div class=\"guten-container guten-column-gap-default\">\n<div class=\"wp-block-gutenverse-column guten-element guten-column guten-PF1k7w\"><div class=\"guten-background-overlay\"><\/div><div class=\"sticky-wrapper\" data-id=\"PF1k7w\"><div class=\"guten-column-wrapper\">\n<h2 class=\"wp-block-gutenverse-heading guten-element guten-OBWF5r animated guten-element-hide desktop-fadeInUp\">\u00bfNecesitas dar el paso a tu comodidad? <\/h2>\n\n\n\n<div class=\"guten-element gutenverse-text-editor guten-2ST0Pm animated guten-element-hide desktop-fadeInUp\"><div class=\"text-content-inner\">\n<p class=\" has-eleventh-color has-text-color eplus-wrapper\">\u00a1Estamos seguros que tu vida ser\u00e1 un \u00abantes y despu\u00e9s\u00bb de Ortho-steps!<\/p>\n<\/div><\/div>\n\n\n\n<div class=\"guten-element guten-button-wrapper guten-W19JFe\"><a class=\"guten-button animated guten-element-hide desktop-fadeInUp guten-button-sm\" href=\"https:\/\/bio3d.pro\/index.php\/contacto-2\/\"><span>Cont\u00e1ctanos<\/span><\/a><\/div>\n<\/div><\/div><\/div>\n<\/div><\/section><\/div>\n\n\n\n<div class=\"has-background-color wp-block-group alignfull eplus-wrapper is-layout-constrained wp-block-group-is-layout-constrained\" style=\"margin-top:0;margin-bottom:0;padding-top:var(--wp--preset--spacing--40);padding-right:var(--wp--preset--spacing--30);padding-bottom:var(--wp--preset--spacing--40);padding-left:var(--wp--preset--spacing--30)\">\n<div class=\"section-wrapper\" data-id=\"akM3I6\"><section class=\"wp-block-gutenverse-section guten-element guten-section guten-akM3I6 layout-boxed align-stretch\"><div class=\"guten-background-overlay\"><\/div><div class=\"guten-shape-divider guten-shape-divider-top\"><\/div><div class=\"guten-shape-divider guten-shape-divider-bottom\"><\/div><div class=\"guten-container guten-column-gap-no\">\n<div class=\"wp-block-gutenverse-column guten-element guten-column guten-KgNDbe\"><div class=\"guten-background-overlay\"><\/div><div class=\"sticky-wrapper\" data-id=\"KgNDbe\"><div class=\"guten-column-wrapper\">\n<div class=\"section-wrapper\" data-id=\"88hTL3\"><section class=\"wp-block-gutenverse-section guten-element guten-section guten-88hTL3 layout-boxed align-stretch\"><div class=\"guten-background-overlay\"><\/div><div class=\"guten-shape-divider guten-shape-divider-top\"><\/div><div class=\"guten-shape-divider guten-shape-divider-bottom\"><\/div><div class=\"guten-container guten-column-gap-no\">\n<div class=\"wp-block-gutenverse-column guten-element guten-column guten-txaqKl\"><div class=\"guten-background-overlay\"><\/div><div class=\"sticky-wrapper\" data-id=\"txaqKl\"><div class=\"guten-column-wrapper\">\n<div class=\"guten-element guten-9B4B4o guten-icon-box icon-position-left\"><div class=\"guten-icon-box-wrapper hover-from-left\"><div class=\"icon-box icon-box-header\"><div class=\"icon style-color\"><i class=\"fas fa-phone-alt\"><\/i><\/div><\/div><div class=\"icon-box icon-box-body\"><h2 class=\"title\">Ll\u00e1manos:<\/h2><p class=\"icon-box-description\">(+593) 96 327 9553<\/p><\/div><\/div><\/div>\n<\/div><\/div><\/div>\n\n\n\n<div class=\"wp-block-gutenverse-column guten-element guten-column guten-ImxbkE\"><div class=\"guten-background-overlay\"><\/div><div class=\"sticky-wrapper\" data-id=\"ImxbkE\"><div class=\"guten-column-wrapper\">\n<div class=\"guten-element guten-HWJ56j guten-icon-box icon-position-left\"><div class=\"guten-icon-box-wrapper hover-from-left\"><div class=\"icon-box icon-box-header\"><div class=\"icon style-color\"><i class=\"fas fa-envelope\"><\/i><\/div><\/div><div class=\"icon-box icon-box-body\"><h2 class=\"title\">Env\u00edanos un correo:<\/h2><p class=\"icon-box-description\">into@orthosteps.bio3d.pro<\/p><\/div><\/div><\/div>\n<\/div><\/div><\/div>\n\n\n\n<div class=\"wp-block-gutenverse-column guten-element guten-column guten-TJ21T9\"><div class=\"guten-background-overlay\"><\/div><div class=\"sticky-wrapper\" data-id=\"TJ21T9\"><div class=\"guten-column-wrapper\">\n<div class=\"guten-element guten-1mxlk4 guten-icon-box icon-position-left\"><div class=\"guten-icon-box-wrapper hover-from-left\"><div class=\"icon-box icon-box-header\"><div class=\"icon style-color\"><i class=\"fas fa-map-marker-alt\"><\/i><\/div><\/div><div class=\"icon-box icon-box-body\"><h2 class=\"title\">Ubicaci\u00f3n:<\/h2><p class=\"icon-box-description\">Portoviejo-Manab\u00ed<\/p><\/div><\/div><\/div>\n<\/div><\/div><\/div>\n<\/div><\/section><\/div>\n\n\n\n<div class=\"section-wrapper\" data-id=\"3nzFEi\"><section class=\"wp-block-gutenverse-section guten-element guten-section guten-3nzFEi layout-boxed align-stretch\"><div class=\"guten-background-overlay\"><\/div><div class=\"guten-shape-divider guten-shape-divider-top\"><\/div><div class=\"guten-shape-divider guten-shape-divider-bottom\"><\/div><div class=\"guten-container guten-column-gap-no\">\n<div class=\"wp-block-gutenverse-column guten-element guten-column guten-hyuPIE\"><div class=\"guten-background-overlay\"><\/div><div class=\"sticky-wrapper\" data-id=\"hyuPIE\"><div class=\"guten-column-wrapper\">\n<div class=\"wp-block-gutenverse-image guten-element guten-image guten-JRaLsm\"><a class=\"guten-image-wrapper\"><img loading=\"lazy\" decoding=\"async\" class=\"gutenverse-image-box-filled\" src=\"http:\/\/bio3d.pro\/wp-content\/uploads\/2023\/11\/Plantillas-ortopedicas-personalizadas.png\" height=\"294\" width=\"972\"\/><\/a><\/div>\n\n\n\n<div class=\"guten-element gutenverse-text-editor guten-cZC6uJ\"><div class=\"text-content-inner\">\n<p class=\" has-eleventh-color has-text-color eplus-wrapper\">Comprometidos con tu bienestar, vamos caminando juntos <\/p>\n<\/div><\/div>\n\n\n\n<div class=\"guten-element guten-social-icons guten-sksmFE circle horizontal fill\">\n<div class=\"guten-element guten-social-icon guten-GpagA5 facebook\"><a id=\"guten-GpagA5\"><i class=\"gtn gtn-facebook-light\"><\/i><span><\/span><\/a><\/div>\n\n\n\n<div class=\"guten-element guten-social-icon guten-GP7TQC youtube\"><a id=\"guten-GP7TQC\"><i class=\"fab fa-youtube\"><\/i><span><\/span><\/a><\/div>\n\n\n\n<div class=\"guten-element guten-social-icon guten-gu7KR9 instagram\"><a id=\"guten-gu7KR9\"><i class=\"gtn gtn-instagram-1-light\"><\/i><span><\/span><\/a><\/div>\n<\/div>\n<\/div><\/div><\/div>\n\n\n\n<div class=\"wp-block-gutenverse-column guten-element guten-column guten-LTU3vs\"><div class=\"guten-background-overlay\"><\/div><div class=\"sticky-wrapper\" data-id=\"LTU3vs\"><div class=\"guten-column-wrapper\">\n<h2 class=\"wp-block-gutenverse-heading guten-element guten-wCbRMc\">Links r\u00e1pidos<\/h2>\n\n\n\n<div class=\"guten-element guten-icon-list guten-UUFQIc\">\n<div class=\"guten-element guten-icon-list-item guten-DffgXs\"><a id=\"guten-DffgXs\" href=\"https:\/\/bio3d.pro\/index.php\/quienes-somos\/\"><span class=\"list-text no-icon\">Quienes somos<\/span><\/a><\/div>\n\n\n\n<div class=\"guten-element guten-icon-list-item guten-9zWuSz\"><a id=\"guten-9zWuSz\"><span class=\"list-text no-icon\">Precios<\/span><\/a><\/div>\n\n\n\n<div class=\"guten-element guten-icon-list-item guten-KnPPVb\"><a id=\"guten-KnPPVb\" href=\"https:\/\/bio3d.pro\/index.php\/contacto-2\/\"><span class=\"list-text no-icon\">Contacto<\/span><\/a><\/div>\n<\/div>\n<\/div><\/div><\/div>\n\n\n\n<div class=\"wp-block-gutenverse-column guten-element guten-column guten-9c0yN5\"><div class=\"guten-background-overlay\"><\/div><div class=\"sticky-wrapper\" data-id=\"9c0yN5\"><div class=\"guten-column-wrapper\">\n<h2 class=\"wp-block-gutenverse-heading guten-element guten-DbMxeu\">M\u00e1s info<\/h2>\n\n\n\n<div class=\"guten-element guten-icon-list guten-M79GF1\">\n<div class=\"guten-element guten-icon-list-item guten-2mfSz8\"><a id=\"guten-2mfSz8\"><span class=\"list-text no-icon\">Pol\u00edtica de privacidad<\/span><\/a><\/div>\n\n\n\n<div class=\"guten-element guten-icon-list-item guten-f2ROj8\"><a id=\"guten-f2ROj8\"><span class=\"list-text no-icon\">Condiciones del servicio<\/span><\/a><\/div>\n\n\n\n<div class=\"guten-element guten-icon-list-item guten-v064Z4\"><a id=\"guten-v064Z4\" href=\"https:\/\/bio3d.pro\/index.php\/lecturas-de-interes\/\"><span class=\"list-text no-icon\">Blog<\/span><\/a><\/div>\n\n\n\n<div class=\"guten-element guten-icon-list-item guten-4oZ1pV\"><a id=\"guten-4oZ1pV\" href=\"https:\/\/bio3d.pro\/index.php\/preguntas-frecuentes\/\"><span class=\"list-text no-icon\">Preguntas frecuentes<\/span><\/a><\/div>\n<\/div>\n<\/div><\/div><\/div>\n<\/div><\/section><\/div>\n\n\n\n<div class=\"section-wrapper\" data-id=\"dhaT9S\"><section class=\"wp-block-gutenverse-section guten-element guten-section guten-dhaT9S layout-boxed align-stretch\"><div class=\"guten-background-overlay\"><\/div><div class=\"guten-shape-divider guten-shape-divider-top\"><\/div><div class=\"guten-shape-divider guten-shape-divider-bottom\"><\/div><div class=\"guten-container guten-column-gap-no\">\n<div class=\"wp-block-gutenverse-column guten-element guten-column guten-K25aoc\"><div class=\"guten-background-overlay\"><\/div><div class=\"sticky-wrapper\" data-id=\"K25aoc\"><div class=\"guten-column-wrapper\">\n<div class=\"guten-element gutenverse-text-editor guten-jVGahx\"><div class=\"text-content-inner\"><\/div><\/div>\n<\/div><\/div><\/div>\n\n\n\n<div class=\"wp-block-gutenverse-column guten-element guten-column guten-OMaljg\"><div class=\"guten-background-overlay\"><\/div><div class=\"sticky-wrapper\" data-id=\"OMaljg\"><div class=\"guten-column-wrapper\">\n<div class=\"guten-element gutenverse-text-editor guten-Sx4N9N\"><div class=\"text-content-inner\">\n<p class=\" has-eleventh-color has-text-color eplus-wrapper\">Copyright \u00a9 2024. Bio3D.<\/p>\n<\/div><\/div>\n<\/div><\/div><\/div>\n<\/div><\/section><\/div>\n<\/div><\/div><\/div>\n<\/div><\/section><\/div>\n<\/div>\n","protected":false},"excerpt":{"rendered":"","protected":false},"author":1,"featured_media":0,"parent":0,"menu_order":0,"comment_status":"closed","ping_status":"closed","template":"blank-canvas","meta":{"editor_plus_copied_stylings":"{}","footnotes":""},"_links":{"self":[{"href":"https:\/\/bio3d.pro\/index.php\/wp-json\/wp\/v2\/pages\/25"}],"collection":[{"href":"https:\/\/bio3d.pro\/index.php\/wp-json\/wp\/v2\/pages"}],"about":[{"href":"https:\/\/bio3d.pro\/index.php\/wp-json\/wp\/v2\/types\/page"}],"author":[{"embeddable":true,"href":"https:\/\/bio3d.pro\/index.php\/wp-json\/wp\/v2\/users\/1"}],"replies":[{"embeddable":true,"href":"https:\/\/bio3d.pro\/index.php\/wp-json\/wp\/v2\/comments?post=25"}],"version-history":[{"count":71,"href":"https:\/\/bio3d.pro\/index.php\/wp-json\/wp\/v2\/pages\/25\/revisions"}],"predecessor-version":[{"id":3883,"href":"https:\/\/bio3d.pro\/index.php\/wp-json\/wp\/v2\/pages\/25\/revisions\/3883"}],"wp:attachment":[{"href":"https:\/\/bio3d.pro\/index.php\/wp-json\/wp\/v2\/media?parent=25"}],"curies":[{"name":"wp","href":"https:\/\/api.w.org\/{rel}","templated":true}]}}